16 is divided by 71?
16
What is the remainder when 3520722 is divided by 1142?
1078
Calculate the remainder when 510586 is divided by 28323.
772
Calculate the remainder when 135376 is divided by 3148.
12
Calculate the remainder when 118916 is divided by 165.
116
What is the remainder when 168599 is divided by 123?
89
What is the remainder when 58937291 is divided by 31?
29
Calculate the remainder when 1906441 is divided by 1154.
33
Calculate the remainder when 410216 is divided by 10255.
16
Calculate the remainder when 1974556 is divided by 12.
4
Calculate the remainder when 4112567 is divided by 763.
760
What is the remainder when 15952359 is divided by 495?
489
Calculate the remainder when 34833403 is divided by 48650.
3
What is the remainder when 1070316 is divided by 1993?
75
What is the remainder when 346638 is divided by 57734?
234
What is the remainder when 1211844 is divided by 302958?
12
Calculate the remainder when 105875829 is divided by 1835.
1834
Calculate the remainder when 12321 is divided by 513.
9
What is the remainder when 213302337 is divided by 10157253?
24
What is the remainder when 11584147 is divided by 2?
1
Calculate the remainder when 1991003 is divided by 4894.
4039
Calculate the remainder when 4988599 is divided by 184762.
25
What is the remainder when 5821065 is divided by 478?
459
Calculate the remainder when 15984 is divided by 7946.
92
Calculate the remainder when 862123 is divided by 78373.
20
Calculate the remainder when 1680875683 is divided by 1297.
1296
What is the remainder when 388122 is divided by 175?
147
What is the remainder when 124791 is divided by 62292?
207
Calculate the remainder when 40912863 is divided by 1352.
1343
What is the remainder when 603202 is divided by 150790?
42
Calculate the remainder when 2099634485 is divided by 11822.
11819
What is the remainder when 62064051 is divided by 2140139?
20
Calculate the remainder when 588500 is divided by 196163.
11
What is the remainder when 691051 is divided by 14701?
104
What is the remainder when 142202 is divided by 986?
218
What is the remainder when 21803221 is divided by 7267736?
13
What is the remainder when 485806 is divided by 975?
256
Calculate the remainder when 252443 is divided by 4513.
4228
Calculate the remainder when 613947 is divided by 21905.
607
What is the remainder when 996112 is divided by 10827?
28
What is the remainder when 471869 is divided by 863?
671
What is the remainder when 658815 is divided by 28643?
26
Calculate the remainder when 1623 is divided by 658.
307
Calculate the remainder when 347679 is divided by 1207.
63
What is the remainder when 2592338 is divided by 1042?
884
What is the remainder when 4305761 is divided by 76?
57
What is the remainder when 7785 is divided by 7761?
24
What is the remainder when 21023307 is divided by 637069?
30
Calculate the remainder when 1329891 is divided by 147765.
6
What is the remainder when 115228270 is divided by 40?
30
What is the remainder when 1925218 is divided by 1908?
46
What is the remainder when 71978555 is divided by 16?
11
Calculate the remainder when 15143203 is divided by 750.
703
Calculate the remainder when 120079 is divided by 38.
37
Calculate the remainder when 1105469 is divided by 1104694.
775
Calculate the remainder when 414207047 is divided by 123.
119
Calculate the remainder when 3309316 is divided by 34472.
4
Calculate the remainder when 82999 is divided by 41421.
157
What is the remainder when 490788 is divided by 586?
306
What is the remainder when 325109 is divided by 23222?
1
What is the remainder when 129310 is divided by 64388?
534
What is the remainder when 59601 is divided by 347?
264
What is the remainder when 3106826 is divided by 36986?
2
Calculate the remainder when 45297 is divided by 19751.
5795
What is the remainder when 6976 is divided by 1790?
1606
What is the remainder when 139428 is divided by 69682?
64
What is the remainder when 138830 is divided by 33957?
3002
Calculate the remainder when 61821227 is divided by 13.
0
What is the remainder when 5214106 is divided by 59?
40
Calculate the remainder when 197585 is divided by 1753.
1249
Calculate the remainder when 4646810 is divided by 55.
25
What is the remainder when 2850696 is divided by 931?
905
Calculate the remainder when 26227 is divided by 2908.
55
Calculate the remainder when 12025 is divided by 2020.
1925
Calculate the remainder when 161886399 is divided by 1118.
1117
What is the remainder when 111139687 is divided by 3418?
3417
Calculate the remainder when 3881642 is divided by 73.
13
What is the remainder when 286922 is divided by 136?
98
Calculate the remainder when 15008574 is divided by 475.
474
Calculate the remainder when 212747 is divided by 7091.
17
What is the remainder when 1262459 is divided by 3087?
2963
What is the remainder when 104541669 is divided by 637449?
33
What is the remainder when 1231188 is divided by 5447?
166
Calculate the remainder when 6423480 is divided by 1574.
1560
What is the remainder when 206410221 is divided by 2680652?
17
What is the remainder when 384184 is divided by 76288?
2744
What is the remainder when 37394751 is divided by 37?
35
What is the remainder when 339255608 is divided by 46?
42
Calculate the remainder when 21541796 is divided by 552.
548
Calculate the remainder when 15374021 is divided by 20.
1
Calculate the remainder when 103248 is divided by 277.
204
Calculate the remainder when 8906280 is divided by 14.
12
Calculate the remainder when 138480650 is divided by 307.
11
Calculate the remainder when 16693168 is divided by 111.
100
What is the remainder when 58429 is divided by 29161?
107
What is the remainder when 256900169 is divided by 998?
997
Calculate the remainder when 168558 is divided by 3423.
831
Calculate the remainder when 42887812 is divided by 43.
42
Calculate the remainder when 6812020 is divided by 23409.
1
Calculate the remainder when 512551 is divided by 765.
1
Calculate the remainder when 40877234 is divided by 2402.
2400
Calculate the remainder when 2200150 is divided by 671.
612
Calculate the remainder when 48686470 is divided by 89.
88
Calculate the remainder when 16008 is divided by 2384.
1704
Calculate the remainder when 1036250 is divided by 207168.
410
Calculate the remainder when 7261697 is divided by 102277.
30
Calculate the remainder when 391554 is divided by 3465.
9
Calculate the remainder when 758914 is divided by 11858.
2
Calculate the remainder when 550873 is divided by 527.
158
What is the remainder when 560940 is divided by 1774?
356
Calculate the remainder when 9633690 is divided by 1407.
1368
What is the remainder when 3760133 is divided by 3759825?
308
What is the remainder when 210764 is divided by 70233?
65
What is the remainder when 352175 is divided by 31306?
7809
What is the remainder when 133665 is divided by 13364?
25
Calculate the remainder when 507954 is divided by 102.
96
Calculate the remainder when 945753 is divided by 945162.
591
What is the remainder when 145654957 is divided by 87?
79
What is the remainder when 97501 is divided by 97500?
1
What is the remainder when 814451 is divided by 101805?
11
Calculate the remainder when 145597656 is divided by 52.
48
What is the remainder when 145194556 is divided by 112?
108
What is the remainder when 72396266 is divided by 18099063?
14
What is the remainder when 1578836 is divided by 2563?
28
Calculate the remainder when 1404795221 is divided by 1422.
1421
Calculate the remainder when 970327 is divided by 36.
19
What is the remainder when 95297 is divided by 95269?
28
What is the remainder when 2255936 is divided by 24?
8
Calculate the remainder when 475011 is divided by 1433.
688
Calculate the remainder when 967784 is divided by 29297.
983
What is the remainder when 833456 is divided by 309?
83
Calculate the remainder when 43148943 is divided by 2036.
2031
Calculate the remainder when 16245 is divided by 31.
1
What is the remainder when 3238663 is divided by 2426?
2379
What is the remainder when 5170861 is divided by 1464?
13
What is the remainder when 276333 is divided by 178?
77
Calculate the remainder when 359710 is divided by 184.
174
What is the remainder when 210923422 is divided by 687?
682
Calculate the remainder when 121168